{"id":4851,"date":"2021-05-19T10:17:51","date_gmt":"2021-05-19T08:17:51","guid":{"rendered":"http:\/\/www.maisonbruyereetdavid.fr\/?page_id=4851"},"modified":"2024-02-13T22:57:23","modified_gmt":"2024-02-13T21:57:23","slug":"notre-histoire-2","status":"publish","type":"page","link":"https:\/\/www.maisonbruyereetdavid.fr\/index.php\/notre-histoire-2\/","title":{"rendered":"Notre histoire"},"content":{"rendered":"<p>[vc_row][vc_column]<div class=\"qodef-shortcode qodef-m  qodef-image-with-text qodef-layout--text-over\">\n\t<div class=\"qodef-m-image\">\n\t\t\t\t<img width=\"1749\" height=\"697\" src=\"https:\/\/www.maisonbruyereetdavid.fr\/wp-content\/uploads\/2021\/11\/photo-2.jpg\" class=\"attachment-full size-full\" alt=\"\" loading=\"lazy\" srcset=\"https:\/\/www.maisonbruyereetdavid.fr\/wp-content\/uploads\/2021\/11\/photo-2.jpg 1749w, https:\/\/www.maisonbruyereetdavid.fr\/wp-content\/uploads\/2021\/11\/photo-2-600x239.jpg 600w, https:\/\/www.maisonbruyereetdavid.fr\/wp-content\/uploads\/2021\/11\/photo-2-300x120.jpg 300w, https:\/\/www.maisonbruyereetdavid.fr\/wp-content\/uploads\/2021\/11\/photo-2-1024x408.jpg 1024w, https:\/\/www.maisonbruyereetdavid.fr\/wp-content\/uploads\/2021\/11\/photo-2-768x306.jpg 768w, https:\/\/www.maisonbruyereetdavid.fr\/wp-content\/uploads\/2021\/11\/photo-2-1536x612.jpg 1536w\" sizes=\"(max-width: 1749px) 100vw, 1749px\" \/>\t\t\t<\/div>\t<div class=\"qodef-m-title-holder\">\n\t\t\t<\/div>\n\t<div class=\"qodef-m-content\">\n\t\t\t<\/div>\n<\/div>[vc_column_text]<\/p>\r\n<p style=\"text-align: left;\">Notre association est n\u00e9e suite \u00e0 une rencontre autour d\u2019un verre lors d&rsquo;une soir\u00e9e synonyme d&rsquo;amiti\u00e9. Apr\u00e8s plusieurs heures de discussion, et gr\u00e2ce \u00e0 un r\u00eave partag\u00e9 mais \u00e9galement des comp\u00e9tences compl\u00e9mentaires; une amiti\u00e9 est n\u00e9e. Dans le but de faire partager notre passion du vin et de donner du plaisir, nous avons donc cr\u00e9\u00e9 la Maison BRUYERE et DAVID.<\/p>\r\n<p style=\"text-align: left;\">\u00a0<\/p>\r\n<p style=\"text-align: left;\">Nous produisons aujourd&rsquo;hui les appellations <strong>Condrieu<\/strong>, <strong>C\u00f4te-R\u00f4tie, Cornas<\/strong>, <strong>St Joseph Blanc,<\/strong>\u00a0<strong>St Joseph Rouge<\/strong>, IGP des collines rhodaniennes, c&rsquo;est \u00e0 dire <strong>Roussanne,<\/strong>\u00a0<strong>Syrah et Viognier<\/strong>.<\/p>\r\n<p style=\"text-align: left;\">Les vignes en appellation sont situ\u00e9es en coteaux sur des sols granitiques, sableux pour les Condrieu et St Joseph.<\/p>\r\n<p style=\"text-align: left;\">Les vignes en IGP sont situ\u00e9es \u00e0 500m \u00e0 vol d\u2019oiseau des appellations Condrieu, C\u00f4te-R\u00f4tie, St Joseph sur des terrains plats.<\/p>\r\n<p style=\"text-align: left;\">La Maison Bruy\u00e8re et David est une maison de n\u00e9goce qui ach\u00e8te les raisins de l\u2019exploitation de Justin et celle de Sylvain.<\/p>\r\n<p style=\"text-align: left;\">\u00a0<\/p>\r\n<p style=\"text-align: left;\">Au niveau logistique, nous avons r\u00e9nov\u00e9 des b\u00e2timents d\u00e9j\u00e0 existants o\u00f9 s&rsquo;effectuent la vinification, l&rsquo;\u00e9levage et le stockage du vin.<\/p>\r\n<div id=\"wp-block-themeisle-blocks-advanced-columns-9dd90419\" class=\"wp-block-themeisle-blocks-advanced-columns has-undefined-columns has-desktop-undefined-layout has-tablet-equal-layout has-mobile-equal-layout has-default-gap has-vertical-unset\">\r\n<div class=\"innerblocks-wrap\">\u00a0<\/div>\r\n<\/div>\r\n\r\n<p>&nbsp;<\/p>\r\n<p>[\/vc_column_text][\/vc_column][\/vc_row][vc_row][vc_column]<div class=\"qodef-shortcode qodef-m  qodef-section-title qodef-alignment--center \">\n\t\t<h2 class=\"qodef-m-title\" style=\"color: #9e002a\">\n\t\tQui Sommes-nous ?\t\t<\/h2>\n\t\t<\/div>[vc_empty_space height=\u00a0\u00bb45px\u00a0\u00bb][\/vc_column][\/vc_row][vc_row][vc_column width=\u00a0\u00bb1\/2&Prime;][vc_single_image image=\u00a0\u00bb4909&Prime; img_size=\u00a0\u00bbmedium\u00a0\u00bb alignment=\u00a0\u00bbcenter\u00a0\u00bb][vc_empty_space]<div class=\"qodef-shortcode qodef-m  qodef-section-title qodef-alignment--center \">\n\t\t<h4 class=\"qodef-m-title\" style=\"color: #9e002a\">\n\t\tJustin BRUYERE\t\t<\/h4>\n\t\t<\/div>[vc_empty_space][vc_column_text]Baignant dans la vigne depuis mon plus jeune \u00e2ge, mon avenir professionnel se tourne d\u2019abord vers la ma\u00e7onnerie chez les compagnons du devoir qui m\u2019ont donn\u00e9 l\u2019envie de voyager et une curiosit\u00e9 sans fin.<\/p>\r\n<p>En 2014, je d\u00e9cide de revenir aux sources et de rejoindre le domaine familial compos\u00e9 de 6ha. En 2015 je\u00a0 fais une formation de deux ans \u00e0 Tournon sur la conduite d\u2019un vignoble, puis je m\u2019installe en 2018 avec mes parents.<\/p>\r\n<p>En Juillet 2018 je d\u00e9bute une collaboration avec Sylvain pour la vinification de nos parcelles.[\/vc_column_text][\/vc_column][vc_column width=\u00a0\u00bb1\/2&Prime;][vc_single_image image=\u00a0\u00bb4910&Prime; img_size=\u00a0\u00bbmedium\u00a0\u00bb alignment=\u00a0\u00bbcenter\u00a0\u00bb][vc_empty_space]<div class=\"qodef-shortcode qodef-m  qodef-section-title qodef-alignment--center \">\n\t\t<h4 class=\"qodef-m-title\" style=\"color: #9e002a\">\n\t\tSylvain DAVID\t\t<\/h4>\n\t\t<\/div>[vc_empty_space][vc_column_text]<\/p>\r\n<p>Titulaire d\u2019un BTS Viticulture \u0152nologie en Charente en 2009, je quitte mon pays natal pour d\u00e9couvrir de nouvelles exp\u00e9riences dans le Jura (Caveau des Byards) et la Vall\u00e9e du Rh\u00f4ne (Domaine des Terres Dor\u00e9es et Domaine Gerin).<\/p>\r\n<p>Apr\u00e8s avoir d\u00e9couvert les techniques de vinification des appellations\u00a0: C\u00f4te-R\u00f4tie, Condrieu et St Joseph, en 2015, je d\u00e9cide de m\u2019installer d\u00e9finitivement dans la Vall\u00e9e du Rh\u00f4ne notamment \u00e0 Condrieu en cr\u00e9ant une entreprise de prestations de services viticoles.<\/p>\r\n<p>En 2018, je m\u2019associe avec Justin pour cr\u00e9er la MAISON BRUYERE ET DAVID.<\/p>\r\n<p>En 2019-2020, j\u2019ai l\u2019opportunit\u00e9 de planter de la vigne sur des terrains, achet\u00e9s ou en locations, class\u00e9s en IGP des collines rhodaniennes soit \u00a03ha.<\/p>\r\n<p>[\/vc_column_text][\/vc_column][\/vc_row]<\/p>","protected":false},"excerpt":{"rendered":"<p>[vc_row][vc_column][vc_column_text] &nbsp; [\/vc_column_text][\/vc_column][\/vc_row][vc_row][vc_column][vc_empty_space height=\u00a0\u00bb45px\u00a0\u00bb][\/vc_column][\/vc_row][vc_row][vc_column width=\u00a0\u00bb1\/2&Prime;][vc_single_image image=\u00a0\u00bb4909&Prime; img_size=\u00a0\u00bbmedium\u00a0\u00bb alignment=\u00a0\u00bbcenter\u00a0\u00bb][vc_empty_space][vc_empty_space][vc_column_text]Baignant dans la vigne depuis mon plus jeune \u00e2ge, mon avenir professionnel se tourne d\u2019abord vers la ma\u00e7onnerie chez les compagnons du devoir qui m\u2019ont donn\u00e9 l\u2019envie de voyager et une curiosit\u00e9 sans fin. En 2014, je d\u00e9cide de revenir aux sources et de rejoindre le domaine familial [&hellip;]<\/p>\n","protected":false},"author":1,"featured_media":0,"parent":0,"menu_order":0,"comment_status":"closed","ping_status":"closed","template":"","meta":[],"_links":{"self":[{"href":"https:\/\/www.maisonbruyereetdavid.fr\/index.php\/wp-json\/wp\/v2\/pages\/4851"}],"collection":[{"href":"https:\/\/www.maisonbruyereetdavid.fr\/index.php\/wp-json\/wp\/v2\/pages"}],"about":[{"href":"https:\/\/www.maisonbruyereetdavid.fr\/index.php\/wp-json\/wp\/v2\/types\/page"}],"author":[{"embeddable":true,"href":"https:\/\/www.maisonbruyereetdavid.fr\/index.php\/wp-json\/wp\/v2\/users\/1"}],"replies":[{"embeddable":true,"href":"https:\/\/www.maisonbruyereetdavid.fr\/index.php\/wp-json\/wp\/v2\/comments?post=4851"}],"version-history":[{"count":4,"href":"https:\/\/www.maisonbruyereetdavid.fr\/index.php\/wp-json\/wp\/v2\/pages\/4851\/revisions"}],"predecessor-version":[{"id":5167,"href":"https:\/\/www.maisonbruyereetdavid.fr\/index.php\/wp-json\/wp\/v2\/pages\/4851\/revisions\/5167"}],"wp:attachment":[{"href":"https:\/\/www.maisonbruyereetdavid.fr\/index.php\/wp-json\/wp\/v2\/media?parent=4851"}],"curies":[{"name":"wp","href":"https:\/\/api.w.org\/{rel}","templated":true}]}}

<p>[vc_row][vc_column]<div class="qodef-shortcode qodef-m  qodef-image-with-text qodef-layout--text-over">
	<div class="qodef-m-image">
				<img width="1749" height="697" src="https://www.maisonbruyereetdavid.fr/wp-content/uploads/2021/11/photo-2.jpg" class="attachment-full size-full" alt="" loading="lazy" srcset="https://www.maisonbruyereetdavid.fr/wp-content/uploads/2021/11/photo-2.jpg 1749w, https://www.maisonbruyereetdavid.fr/wp-content/uploads/2021/11/photo-2-600x239.jpg 600w, https://www.maisonbruyereetdavid.fr/wp-content/uploads/2021/11/photo-2-300x120.jpg 300w, https://www.maisonbruyereetdavid.fr/wp-content/uploads/2021/11/photo-2-1024x408.jpg 1024w, https://www.maisonbruyereetdavid.fr/wp-content/uploads/2021/11/photo-2-768x306.jpg 768w, https://www.maisonbruyereetdavid.fr/wp-content/uploads/2021/11/photo-2-1536x612.jpg 1536w" sizes="(max-width: 1749px) 100vw, 1749px" />			</div>	<div class="qodef-m-title-holder">
			</div>
	<div class="qodef-m-content">
			</div>
</div>[vc_column_text]</p>
<p style="text-align: left;">Notre association est née suite à une rencontre autour d’un verre lors d&rsquo;une soirée synonyme d&rsquo;amitié. Après plusieurs heures de discussion, et grâce à un rêve partagé mais également des compétences complémentaires; une amitié est née. Dans le but de faire partager notre passion du vin et de donner du plaisir, nous avons donc créé la Maison BRUYERE et DAVID.</p>
<p style="text-align: left;"> </p>
<p style="text-align: left;">Nous produisons aujourd&rsquo;hui les appellations <strong>Condrieu</strong>, <strong>Côte-Rôtie, Cornas</strong>, <strong>St Joseph Blanc,</strong> <strong>St Joseph Rouge</strong>, IGP des collines rhodaniennes, c&rsquo;est à dire <strong>Roussanne,</strong> <strong>Syrah et Viognier</strong>.</p>
<p style="text-align: left;">Les vignes en appellation sont situées en coteaux sur des sols granitiques, sableux pour les Condrieu et St Joseph.</p>
<p style="text-align: left;">Les vignes en IGP sont situées à 500m à vol d’oiseau des appellations Condrieu, Côte-Rôtie, St Joseph sur des terrains plats.</p>
<p style="text-align: left;">La Maison Bruyère et David est une maison de négoce qui achète les raisins de l’exploitation de Justin et celle de Sylvain.</p>
<p style="text-align: left;"> </p>
<p style="text-align: left;">Au niveau logistique, nous avons rénové des bâtiments déjà existants où s&rsquo;effectuent la vinification, l&rsquo;élevage et le stockage du vin.</p>
<div id="wp-block-themeisle-blocks-advanced-columns-9dd90419" class="wp-block-themeisle-blocks-advanced-columns has-undefined-columns has-desktop-undefined-layout has-tablet-equal-layout has-mobile-equal-layout has-default-gap has-vertical-unset">
<div class="innerblocks-wrap"> </div>
</div>

<p>&nbsp;</p>
<p>[/vc_column_text][/vc_column][/vc_row][vc_row][vc_column]<div class="qodef-shortcode qodef-m  qodef-section-title qodef-alignment--center ">
		<h2 class="qodef-m-title" style="color: #9e002a">
		Qui Sommes-nous ?		</h2>
		</div>[vc_empty_space height= »45px »][/vc_column][/vc_row][vc_row][vc_column width= »1/2&Prime;][vc_single_image image= »4909&Prime; img_size= »medium » alignment= »center »][vc_empty_space]<div class="qodef-shortcode qodef-m  qodef-section-title qodef-alignment--center ">
		<h4 class="qodef-m-title" style="color: #9e002a">
		Justin BRUYERE		</h4>
		</div>[vc_empty_space][vc_column_text]Baignant dans la vigne depuis mon plus jeune âge, mon avenir professionnel se tourne d’abord vers la maçonnerie chez les compagnons du devoir qui m’ont donné l’envie de voyager et une curiosité sans fin.</p>
<p>En 2014, je décide de revenir aux sources et de rejoindre le domaine familial composé de 6ha. En 2015 je  fais une formation de deux ans à Tournon sur la conduite d’un vignoble, puis je m’installe en 2018 avec mes parents.</p>
<p>En Juillet 2018 je débute une collaboration avec Sylvain pour la vinification de nos parcelles.[/vc_column_text][/vc_column][vc_column width= »1/2&Prime;][vc_single_image image= »4910&Prime; img_size= »medium » alignment= »center »][vc_empty_space]<div class="qodef-shortcode qodef-m  qodef-section-title qodef-alignment--center ">
		<h4 class="qodef-m-title" style="color: #9e002a">
		Sylvain DAVID		</h4>
		</div>[vc_empty_space][vc_column_text]</p>
<p>Titulaire d’un BTS Viticulture Œnologie en Charente en 2009, je quitte mon pays natal pour découvrir de nouvelles expériences dans le Jura (Caveau des Byards) et la Vallée du Rhône (Domaine des Terres Dorées et Domaine Gerin).</p>
<p>Après avoir découvert les techniques de vinification des appellations : Côte-Rôtie, Condrieu et St Joseph, en 2015, je décide de m’installer définitivement dans la Vallée du Rhône notamment à Condrieu en créant une entreprise de prestations de services viticoles.</p>
<p>En 2018, je m’associe avec Justin pour créer la MAISON BRUYERE ET DAVID.</p>
<p>En 2019-2020, j’ai l’opportunité de planter de la vigne sur des terrains, achetés ou en locations, classés en IGP des collines rhodaniennes soit  3ha.</p>
<p>[/vc_column_text][/vc_column][/vc_row]</p>

<p>[vc_row][vc_column][vc_column_text] &nbsp; [/vc_column_text][/vc_column][/vc_row][vc_row][vc_column][vc_empty_space height= »45px »][/vc_column][/vc_row][vc_row][vc_column width= »1/2&Prime;][vc_single_image image= »4909&Prime; img_size= »medium » alignment= »center »][vc_empty_space][vc_empty_space][vc_column_text]Baignant dans la vigne depuis mon plus jeune âge, mon avenir professionnel se tourne d’abord vers la maçonnerie chez les compagnons du devoir qui m’ont donné l’envie de voyager et une curiosité sans fin. En 2014, je décide de revenir aux sources et de rejoindre le domaine familial [&hellip;]</p>
